{"id":183,"date":"2015-08-09T19:33:45","date_gmt":"2015-08-09T17:33:45","guid":{"rendered":"http:\/\/welt-reise-berichte.de\/?page_id=183"},"modified":"2015-11-27T06:36:26","modified_gmt":"2015-11-27T04:36:26","slug":"die-route","status":"publish","type":"page","link":"https:\/\/welt-reise-berichte.de\/?page_id=183","title":{"rendered":"Unsere Route"},"content":{"rendered":"<p>Unsere Reise wird gunds\u00e4tzlich erstmal nicht ganz so wie eine Backpacker-Reise aussehen. Nat\u00fcrlich wird es ein grossen Rucksack geben und ab und zu werden wir in einem Hostel unter kommen. Ein Camper darf nat\u00fcrlich auch nicht fehlen. Wir haben unsere Route im Vorfeld schon sehr genau geplant und auch die wichtigsten Sachen bereits gebucht und bezahlt.<\/p>\n<p>Los gehts ab mitte September und zwar nach Afrika. Genauer gesagt nach Kapstadt. Hier werden wir erstmal 2 Wochen die Schulbank dr\u00fccken und einen englisch Sprachkurs in einer Schule absolvieren. Danach bleiben wir auch erstmal in Afrika und werden eine Abenteuer Gruppen \/ Camping \/ Truck Tour durch Namibia, Simbabwe, Botswana, Victoria Falls bis nach Johannesburg antreten. Grunds\u00e4tzlich sind wir ganz unvoreingenommen was die Gruppenreise betrifft. Man sollte vielleicht nicht umbedingt das Buch &#8222;Hummel Dumm&#8220; vorher lesen. \ud83d\ude42 (Es handelt von einer abenteuerlichen Gruppenreise durch Namibia) Wir warten erstmal ab, sind gespannt und freuen uns auf nette Menschen aus der ganzen Welt.<\/p>\n<p>Von Johannesburg aus werden wir weiter nach Singapur fliegen und uns 3-4 Tage dieses Land ansehen. Von hier aus geht es f\u00fcr 8 Tage zu Freunden nach Shanghai, die f\u00fcr 3 Jahre dort Leben und Arbeiten.<\/p>\n<p>Danach fliegen wir weiter nach Bali und werden von dort mit der F\u00e4hre nach Lombok fahren, um in einem Camp surfen zu lernen. Dann haben wir noch ein paar Tage um das Umland zu erkunden.<\/p>\n<p>Anfang Dezember gehts auf die n\u00e4chste Insel oder eher Inselgruppe. Es geht \u00fcber Brisbane nach Vanuatu, genauer gesagt nach Efate und von hier aus wollen wir die Inseln Tana und Espirito Santo erkunden. Wer nicht weiss wo das liegt, was so einige sein werden, \ud83d\ude42 Vanuatu liegt im Pazifik, ca. 3 Flugstunden von Brisbane (Australien) entfernt. Vanuatu ist ein eigenst\u00e4ndiges Land und besteht aus ca. 83 Inseln, wovon 67 bewohnt sind. Von 31 Flugh\u00e4fen haben nur 3 eine asphaltierte Landebahn. Allein hier gibt es 110 Sprachen. Gucken wir mal, was uns erwartet. Wir sind gespannt.<\/p>\n<p>Dann gehts zur\u00fcck nach Brisbane und hier wird es lustig, weil wir uns f\u00fcr 3 Wochen einen Camper mieten werden und von Brisbane bis nach Melbourn fahren werden. Wir hoffen, dass wir ankommen. Begleitet werden wir von einem guten Freund, der vor ein paar Jahren nach Australien ausgewandert ist und mit uns zusammen die Route abf\u00e4hrt um Urlaub zu machen.<\/p>\n<p>Nach Weihnachten und Silvester fliegen wir r\u00fcber nach Tasmanien, wo wir uns ca. eine Woche lang die sch\u00f6ne Insel mit einem Auto anschauen werden , um dann weiter nach Neuseeland zu fliegen. Dort bekommen wir dann Besuch aus Deutschland und zwar die Eltern von Benedikt. Zusammen werden wir, auch wieder mit einem Camper, 3 Wochen von Christchurch nach Auckland fahren. Hier werden wir die beiden wieder verabschieden und sie in den Flieger nach Deutschland setzen. Wir fliegen weiter \u00fcber die Datumsgrenze Richtung Hawai, wo wir vielleicht unsere neue erworben F\u00e4higkeiten im Surfen weiter ausbauchen k\u00f6nnen.<\/p>\n<p>Nach 2 Wochen im Paradies auf Hawai bleiben wir auch gleich in den USA und fliegen weiter nach Seattle, wo wir, nach einem kurzen Abstecher nach Kanada dann die ganze Westk\u00fcste, auch wieder mit dem Auto, erkunden werden. Schluss endlich werden wir mitte M\u00e4rz 2016 von Las Vegas aus die Heimreise antreten. Einzelheiten werden wir Euch dann in unseren Berichten ausf\u00fchrlich beschreiben.<\/p>\n","protected":false},"excerpt":{"rendered":"<p>Unsere Reise wird gunds\u00e4tzlich erstmal nicht ganz so wie eine Backpacker-Reise aussehen. Nat\u00fcrlich wird es ein grossen Rucksack geben und ab und zu werden wir in einem Hostel unter kommen. Ein Camper darf nat\u00fcrlich auch nicht fehlen. Wir haben unsere Route im Vorfeld schon sehr genau geplant und auch die wichtigsten Sachen bereits gebucht und [&hellip;]<\/p>\n","protected":false},"author":1,"featured_media":200,"parent":0,"menu_order":0,"comment_status":"closed","ping_status":"open","template":"","meta":{"ngg_post_thumbnail":0},"_links":{"self":[{"href":"https:\/\/welt-reise-berichte.de\/index.php?rest_route=\/wp\/v2\/pages\/183"}],"collection":[{"href":"https:\/\/welt-reise-berichte.de\/index.php?rest_route=\/wp\/v2\/pages"}],"about":[{"href":"https:\/\/welt-reise-berichte.de\/index.php?rest_route=\/wp\/v2\/types\/page"}],"author":[{"embeddable":true,"href":"https:\/\/welt-reise-berichte.de\/index.php?rest_route=\/wp\/v2\/users\/1"}],"replies":[{"embeddable":true,"href":"https:\/\/welt-reise-berichte.de\/index.php?rest_route=%2Fwp%2Fv2%2Fcomments&post=183"}],"version-history":[{"count":9,"href":"https:\/\/welt-reise-berichte.de\/index.php?rest_route=\/wp\/v2\/pages\/183\/revisions"}],"predecessor-version":[{"id":1189,"href":"https:\/\/welt-reise-berichte.de\/index.php?rest_route=\/wp\/v2\/pages\/183\/revisions\/1189"}],"wp:featuredmedia":[{"embeddable":true,"href":"https:\/\/welt-reise-berichte.de\/index.php?rest_route=\/wp\/v2\/media\/200"}],"wp:attachment":[{"href":"https:\/\/welt-reise-berichte.de\/index.php?rest_route=%2Fwp%2Fv2%2Fmedia&parent=183"}],"curies":[{"name":"wp","href":"https:\/\/api.w.org\/{rel}","templated":true}]}}